))).
104
What is 31 - (14 + 30) - -15 - (1 - -42)?
-41
What is 8 + 0 - (163 + -262 - -42)?
65
What is 53 - 65 - (59 - 13 - (3 + 4))?
-51
Calculate (-18 - -40) + -32 + 14 + 52.
56
What is -6 + 12 + -20 + -1028 + 1004?
-38
Evaluate (-10 - -10) + 3 + -4 + -32 + -3.
-36
Evaluate -42 - (-27 + -44 + 61).
-32
Calculate (64 - -12) + -134 + 61.
3
(27 - (110 + -8 + -10)) + 26
-39
Evaluate 1 - -54 - ((-6 - (13 - 8)) + 6 - -2).
58
Calculate 10 - (-58 + 85) - -7.
-10
What is -2 + 78 + -75 + 46?
47
(3 - 50 - (9 + -22)) + 23
-11
What is -10 + (-9 - (13 + 13)) + -7?
-52
What is 30 + 3 + (1323 - 1390)?
-34
11 + (-9 - (-10 - -11 - (-10 - -20)) - 115)
-104
31 + -44 + (1 - -8) + 54
50
1 - 2 - (-102 + (-15 + 28 + -26 - -38))
76
What is (-3 - (-46 + 2)) + -107?
-66
What is 36 + -10 - (-4 + 8)?
22
Calculate -28 - (11 - ((129 - -13) + -29)).
74
Evaluate (-75 - -26 - (-32 - 1)) + 0 + -18.
-34
What is the value of 31 + 1 + (30 - (10 + (7 - 11)) - 15)?
41
2 - (51 + -9 + -13 - 13)
-14
Evaluate (15 - -17) + -13 + -15 - 73.
-69
Calculate 0 - (36 + -24 + 8).
-20
Evaluate (-13 - (-5 - 0)) + (-16 + 38 - -10) + 1.
25
Evaluate -1 - -33 - (-1170 + 1197 + -38 + 0).
43
What is -16 + (-12 - (68 - 60))?
-36
Evaluate -42 - (25 - 26) - -61.
20
5 + (-38 - -28) + 1
-4
-2 - -43 - ((26 - 37) + 9)
43
Evaluate -352 + 355 - (2 + 2 - (7 + 1 + -6)).
1
What is (120 - 99) + 6 + -55?
-28
-3 - 0 - (203 + -191 - (11 + 1) - 32)
29
What is the value of (22 - -2) + (2 + 5 - (-4 - (-43 - -27)))?
19
Calculate -10 + (64 + -49 - -3).
8
What is the value of -7611 + 7733 - (2 - 0)?
120
(23 - -1) + -4 + 57 + (2 - 38)
41
Calculate (-4 + (16 - (-6 + 28)) - (1 - 3)) + -3.
-11
Calculate 96 + (-57 - (-25 + -4)).
68
-70 - (-24 - 28 - -8)
-26
What is the value of (-171 + 54 - -163) + -121?
-75
Calculate 104 + (-8 + 11 + -41 - (58 + -74)).
82
54 - (40 - (15 - 1))
28
(-9 - -4 - 7 - -19) + -6
1
Evaluate -17 + -5 - (9 + (-6 - 0) + -19).
-6
0 - 40 - (1 + 12 - (27 - 37))
-63
Calculate 70 + -70 + (-1 - -18) - -19.
36
What is -21 - (-7 + 3 + (6 - (7 - -2)))?
-14
What is the value of (9 - (-8 + 16)) + -26 + -9 - 3?
-37
What is the value of ((13 - 33) + 38 - 7) + (-4 - -45)?
52
Calculate (35 - 4) + (5 - (-14 + -73)).
123
What is the value of -3 - ((59 - -28) + -100)?
10
What is (17 + -9 + -13 - -23) + 3 + 7 - 6?
22
What is 15 + 43 + -10 + -8 + 2 + 16?
58
Evaluate -5 + (14 - -12) - (-2 - 27).
50
What is -5 + (-5 - 71) + (-374 - -371)?
-84
What is -6 + (-42 - (-15 + -26))?
-7
Evaluate -41 + (30 - -75 - 20).
44
What is the value of (-6 - ((-1 - 0) + (30 - (31 - 13)))) + 8?
-9
Evaluate -4 + -2 - (-7 - -49) - (28 - (-30 - -49)).
-57
Evaluate 3 - 9 - (-298 + 320).
-28
Calculate 42 - (-14 - -5) - (0 + 10 + 94 + -105).
52
What is (-39 - -85 - 52) + 0 + 6 - (2 - -77)?
-79
What is (-143 - -139) + 11 - (50 + -1 - 1)?
-41
33 - (-12 - (-10 - (-13 - -22 - 8 - 7)))
41
Evaluate -9 - -7 - (-2 + (-6 + 1 - -12)).
-7
Calculate 43 - (83 + -47) - (10 + (1 - 2)) - 44.
-46
Evaluate 74 + -2 - (56 - (51 + 1)).
68
What is -27 - (-22 - -2) - (-4 - 88 - -8)?
77
What is -109 + (10 + (10 - 4) - -4) + (16 - 29)?
-102
-42 + 14 + (-9 + 17 - 8)
-28
-2 + 9 - (-30 - -34) - 7 - 30
-34
Evaluate -9 + 0 + (29 - (13 - 32)).
39
Evaluate -8 + (13 - 27 - -4) + 19 - -8.
9
What is 8 - (-4 - 22 - (-10 - 10))?
14
(-4 - -4) + 0 + -1 + (85 - 45)
39
Evaluate -2743 - -2733 - (1 + 33).
-44
What is the value of 3698 + -3649 + (-2 - 104)?
-57
What is 14 + 23 + -27 - (51 - ((-2 - -7) + -9))?
-45
Evaluate 21 + -1 + (323 - 313) + -12.
18
What is 100 - (1 - -75) - (0 - (-2 - (-1 + 1)))?
22
What is -1 + -88 + -3 + (16 - (-61 + 22 + 49))?
-86
Calculate -29 - (-20 - 21) - (26 + -1) - -8.
-5
Calculate 8 + -13 - (3 + 1 + (0 - (73 + 10))).
74
What is -26 - (2 - (59 + -30 - 37))?
-36
Evaluate 2 + -22 + (62 + -82 - -25).
-15
What is the value of -69 + (1298 + -1261 - (1 + 0))?
-33
Calculate 6 + -1 + -257 + 250 - 19.
-21
What is the value of (1 + -8 - -3) + (4 - -5) + (-60 - 0)?
-55
What is -15 - -20 - -1 - (-2 + 10) - -39?
37
Evaluate 7 - 3 - 2 - (103 + -102).
1
What is the value of (74 - 118) + 42 + (1 - -15) + -19 + 0?
-5
What is the value of -1 + -8 + (-24 + 16 - (-8 + 1))?
-10
Evaluate 802 - 826 - (-71 + -2).
49
Evaluate -23 + 15 + (13 - 16 - -7).
-4
Calculate 25 + 2 + (11 - 5).
33
Evaluate ((-13 - -27) + 43 - 16) + 4.
45
Calculate -42 + -31 + (14 + 32 - 3).
-30
What is 34 - 25 - (25 + (-51 - 1))?
36
What is the value of -40 - (2 + -1 + 35 + -24)?
-52
What is the value of 66 + -57 + -10 + (-24 - (-3 - -7))?
-29
What is 6 + -15 + (-8 - (3 + -48 - (21 + -30)))?
19
Evaluate (9 - 1 - 17 - -2 - -112) + -14 + 1.
92
What is 0 - (95 + -108 + 148)?
-135
23 + (-66 - ((-11 - -2) + 3))
-37
What is 88 + -30 + -18 + -38 - ((0 - 1) + -24)?
27
What is the value of 21 + -12 + -12 + (2 - (12 + 39))?
-52
-83 + (48 + -41 - 6) + (1 - -1)
-80
Calculate 1829 + -1852 + (1 + 1 - (3 - 2)).
-22
What is the value of 43 - (15 - (14 + -13)) - -31?
60
Evaluate -1 + -27 + (-54 - (-26 + -22)).
-34
What is the value of 159 - 65 - (17 + -10)?
87
What is 8 + 6 - (21 - (-15 - (24 + -45)))?
-1
Calculate (-194 - -206) + 0 + -43.
-31
Calculate (-232 - -233) + (3 - 38).
-34
Calculate -2 - (62 + -44 + -17).
-3
Calculate (13 - 9 - 8) + -10 + (3 - 8).
-19
Evaluate -1 - ((5 - -1) + (61 - 65)).
-3
Evaluate (-22 - 10) + (13 + -6 + -6 - -3).
-28
What is -23 + (0 - 0 - ((-8 - -6) + 14) - -8)?
-27
Calculate (-26 - (10 + -26 + -14)) + -76.
-72
Evaluate -10 + 21 + (6 - -1) - (391 - 364).
-9
Calculate (-60 - -13) + 21 + 35 + -44.
-35
Evaluate (-35935 - -36082) + 1 + -143.
5
Evaluate -99 - (6 + (-53 - -30) + -14).
-68
Calculate (-1151 - -1179) + (-12 - -2).
18
What is the value of 6 + (6 - -1) + (23 + -33 - 8)?
-5
Calculate (-11 - (-5 + -3)) + (-16 - -1).
-18
What is -73 + 170 + (-7 - 95)?
-5
What is -63 - (-3 + 2) - (15 - 37 - -15) - -5?
-50
What is the value of 10 + 80 + -65 + 2 + -1?
26
(-107 - -66) + 9 + -34
-66
Evaluate -35 + (48 + 2 - -30).
45
Evaluate (47 - 25 - 5) + -34.
-17
What is the value of (387 - 379) + ((3 - 2) + 2 - 70)?
-59
Calculate 36 + -4 + (8 - (3 + -4)) + 6 + -3.
44
Calculate -22 + (-3 - -24 - 33).
-34
-3 + (0 - 4) - 0 - (-161 + 490 + -218)
-118
-1 + 2 + 27 + (-144 - -140) + (1 - 4)
21
Calculate 25 - (26 + (6 - 19) + -18).
30
Calculate -2 - 13 - ((102 - 113 - -19) + 0 + -11).
-12
What is 1 - ((26 - 73) + 68) - -78?
58
What is the value of (3 - -16) + -12 - (11 - 4)?
0
-31 - ((6 - 198) + 80)
81
Calculate 102 + (-124 - (-72 + 19)).
31
What is -1 - -21 - (-214 - -264) - 2?
-32
Calculate 4 - (46 + (-36 - -15)).
-21
Calculate (-122 - -3) + -1 + 2 + (-77 - -117 - 42).
-120
(47 - -85) + -124 + 2 + -38 + -1
-29
-13 + -6 - (206 + -229) - ((0 - 0) + -73)
77
Evaluate 6 + 11 + -8 + 41 + -19.
31
-2 + 16 - (-16 - ((-3 - 8) + 14))
33
What is -27 - (14 + (-12 - 2)) - (3 - 18) - 74?
-86
Evaluate 53 + (-110 - (-53 - 25)).
21
5 + -7 - (8 + -21)
11
Calculate -76 + -172 + 127 - -107.
-14
Evaluate (-248 - -283) + -30 + -1 - (0 - -50).
-46
(79 - 78) + 5 + -3 + 4 + 1 - -47
55
(2 - (3 + 60)) + (-3413 - -3369)
-105
-2 + 173 - (56 + (15 - 34))
134
Evaluate (-16 - -2) + 75 + (47 - -45).
153
What is (1200 - 1211) + -2 + -4 + -1?
-18
Calculate (-161 - (-178 + 18)) + -42.
-43
Evaluate -49 + (2 - -4) - (65 - 73).
-35
(5 - (-66 + 88)) + (1 - 2) + 87
69
(-5 - (64 - 32)) + 39 + 87 + 1 + -1
89
Evaluate -31 - 5 - (-217 + 147).
34
-5 + (12 - -7) - (18 - 20 - (3 - -2))
21
What is -59 + (-44 - (-81 - -17))?
-39
4 + -1 + -116 + (24 - (-43 - -60))
-106
What is the value of (66 - (22 - -23)) + -6 + (-1 - 0 - -3)?
17
What is the value of (67 - 43) + -84 + (-7 - -8) - (-5 + 1)?
-55
What is 74 - (-10 + (-39 + 5 - 4))?
122
What is -2 + -2 - (15 + -18 + -4 + 8)?
-5
Calculate (74 - 34) + (-39 - -6).
7
Evaluate 228 + (76 - 142) + -50.
112
What is 156 - 164 - (1 - 17) - 17?
-9
-1696 + 1703 - ((4 - 42) + (-1 - -1))
45
Evaluate (-44 - -66) + -10 - (25 + 0).
-13
Evaluate 23 - (-179 + 201 - (9 - -2)).
12
Calculate 19 + (-77 - (-1 + 16 + -12) - 3).
-64
-1 - 1 - -2 - -18 - (-9 + 7 + 0)
20
Calculate -11 - ((18 - -1) + (31 - 11) + -26 + 3).
-27
Calculate (20 - 59 - -7) + (-4 + 4 - (1 + 1)).
-34
-54 + (18 - 43) + 38
-41
Calculate 10 - ((-123 - -136) + (0 - -11)) - 1.
-15
Calculate -8 - (-3 - 3 - 22 - 9).
29
Calculate 10 + 21 + -27 + -40 + -16 + -5.
-57
-585 + 517 + (93 - -